e?
True
Is 33047 a composite number?
True
Is 49094 prime?
False
Is 147253 prime?
True
Is 1211 a prime number?
False
Is 13367 prime?
True
Is 42353 a composite number?
True
Is 36209 prime?
True
Is 39499 composite?
False
Is 8147 composite?
False
Is 358999 a prime number?
True
Is 139647 a composite number?
True
Is 14585 a composite number?
True
Is 9806 a composite number?
True
Is 295 prime?
False
Is 10243 composite?
False
Is 80309 composite?
False
Is 431311 a composite number?
False
Is 3313 prime?
True
Is 20593 prime?
True
Is 9429889 a composite number?
True
Is 6547 prime?
True
Is 211 a prime number?
True
Is 10991 composite?
True
Is 56063 composite?
True
Is 9661 prime?
True
Is 13353 composite?
True
Is 1209311 a composite number?
False
Is 67391 composite?
False
Is 6041 a prime number?
False
Is 348167 a composite number?
True
Is 3377 a prime number?
False
Is 522811 a composite number?
False
Is 34939 composite?
False
Is 152671 a prime number?
True
Is 1466 a composite number?
True
Is 6737 composite?
False
Is 3629 prime?
False
Is 50833 composite?
False
Is 1795 a prime number?
False
Is 87833 a composite number?
False
Is 129431 prime?
False
Is 35023 a composite number?
False
Is 944003 a prime number?
True
Is 7633 composite?
True
Is 8705 a prime number?
False
Is 43843 a prime number?
False
Is 15089 a prime number?
False
Is 47423 a composite number?
True
Is 487211 prime?
True
Is 178319 a prime number?
False
Is 2124757 composite?
False
Is 24127 a composite number?
True
Is 342481 a prime number?
True
Is 308887 a composite number?
False
Is 1283 prime?
True
Is 969695 composite?
True
Is 346 a prime number?
False
Is 18367 prime?
True
Is 18017 a composite number?
True
Is 3527 a composite number?
False
Is 12097 a composite number?
False
Is 39181 composite?
False
Is 8663 a prime number?
True
Is 103217 composite?
False
Is 2017369 a composite number?
False
Is 205286 composite?
True
Is 25301 a composite number?
False
Is 1114 a composite number?
True
Is 28831 composite?
True
Is 7993 a prime number?
True
Is 403219 a composite number?
False
Is 5893 a prime number?
False
Is 1656371 prime?
False
Is 14395 a composite number?
True
Is 15401 composite?
False
Is 156817 composite?
False
Is 1460447 prime?
True
Is 344189 prime?
True
Is 18007 composite?
True
Is 16111 composite?
False
Is 374771 a prime number?
True
Is 3271 composite?
False
Is 16753 a composite number?
True
Is 50419 a prime number?
False
Is 454109 a composite number?
False
Is 15191 prime?
False
Is 2528243 prime?
True
Is 288193 composite?
True
Is 86417 a prime number?
False
Is 17899 a composite number?
True
Is 17165 a composite number?
True
Is 265913 composite?
True
Is 123323 prime?
True
Is 2284799 a prime number?
False
Is 629 a prime number?
False
Is 42593 a composite number?
True
Is 55049 composite?
False
Is 15653 a composite number?
True
Is 1077127 composite?
False
Is 142697 a composite number?
False
Is 35737 composite?
True
Is 921 prime?
False
Is 1331719 a composite number?
False
Is 107243 a prime number?
True
Is 5403 a prime number?
False
Is 10546 composite?
True
Is 1366943 a composite number?
False
Is 8461 a composite number?
False
Is 45839 composite?
True
Is 29591 a prime number?
False
Is 44095 a composite number?
True
Is 265 composite?
True
Is 101891 prime?
True
Is 131239 prime?
False
Is 826339 a composite number?
False
Is 162209 prime?
True
Is 17093 a prime number?
True
Is 2810317 composite?
False
Is 135307 a composite number?
True
Is 368189 prime?
True
Is 935093 prime?
True
Is 917 composite?
True
Is 14893 prime?
False
Is 24043 prime?
True
Is 18839 prime?
True
Is 257783 prime?
True
Is 6143 a composite number?
False
Is 19091 composite?
True
Is 911759 a composite number?
True
Is 3977 a composite number?
True
Is 31877 composite?
True
Is 98726 a composite number?
True
Is 49273 a composite number?
True
Is 39085 a prime number?
False
Is 11519 prime?
True
Is 4241173 prime?
True
Is 309059 composite?
False
Is 828611 composite?
True
Is 5623 a prime number?
True
Is 3001759 prime?
True
Is 878 a prime number?
False
Is 55763 a prime number?
True
Is 32343 composite?
True
Is 10903 a prime number?
True
Is 251 composite?
False
Is 16711 prime?
False
Is 3986 composite?
True
Is 1107163 a prime number?
False
Is 280537 a composite number?
False
Is 51899 composite?
False
Is 236503 a prime number?
True
Is 38903 prime?
True
Is 11989 prime?
False
Is 301166 a prime number?
False
Is 9481 a composite number?
True
Is 886 prime?
False
Is 15601 a composite number?
False
Is 7993 prime?
True
Is 631 a prime number?
True
Is 1111 prime?
False
Is 29721 a prime number?
False
Is 6089 composite?
False
Is 63577 a prime number?
True
Is 64319 a composite number?
False
Is 20849 a prime number?
True
Is 8311 composite?
False
Is 16153 composite?
True
Is 4289 composite?
False
Is 41333 a prime number?
True
Is 2844923 prime?
False
Is 1154017 a composite number?
False
Is 9181 composite?
False
Is 1747903 a composite number?
False
Is 3293 prime?
False
Is 5498 a composite number?
True
Is 11333 a prime number?
False
Is 112657 a composite number?
False
Is 989 composite?
True
Is 1949 composite?
False
Is 69815 a prime number?
False
Is 9305 composite?
True
Is 536909 composite?
False
Is 249791 a prime number?
False
Is 20954 a composite number?
True
Is 1425803 composite?
True
Is 13367 prime?
True
Is 404941 a composite number?
False
Is 6663 a prime number?
False
Is 13441 a composite number?
False
Is 958141 prime?
True
Is 673381 prime?
True
Is 6997 a composite number?
False
Is 37385 composite?
True
Is 13453 composite?
True
Is 25735 a composite number?
True
Is 528611 prime?
True
Is 106985 prime?
False
Is 112397 a prime number?
True
Is 51581 prime?
True
Is 473023 a composite number?
True
Is 13631 composite?
True
Is 2161 a prime number?
True
Is 20285 a composite number?
True
Is 27191 prime?
True
Is 48847 a composite number?
False
Is 12494 a composite number?
True
Is 827633 a prime number?
True
Is 241694 a prime number?
False
Is 58889 a composite number?
False
Is 89189 a prime number?
True
Is 667 composite?
True
Is 17677 prime?
False
Is 295799 a composite number?
True
Is 55373 a prime number?
True
Is 7489457 a composite number?
False
Is 147593 a prime number?
False
Is 2810317 prime?
True
Is 170209 a composite number?
True
Is 199851 a prime number?
False
Is 52489 a composite number?
False
Is 1450541 prime?
False
Is 10577 prime?
False
Is 31071 composite?
True
Is 14143 a composite number?
False
Is 147083 a prime number?
True
Is 12853 a prime number?
True
Is 1505311 a prime number?
True
Is 70453 composite?
True
Is 85139 composite?
True
Is 10781 composite?
False
Is 21703 composite?
True
Is 867413 a prime number?
True
Is 42787 a composite number?
False
Is 31951 a prime number?
False
Is 4541 prime?
False
Is 350081 composite?
True
Is 57089 composite?
False
Is 4481 a prime number?
True
Is 48707 composite?
True
Is 33457 composite?
False
Is 4823045 a composite number?
True
Is 118705 a composite number?
True
Is 176317 a composite number?
False
Is 598453 a prime number?
False
Is 5905 a prime number?
False
Is 46043 a prime number?
False
Is 437637 prime?
False
Is 2677267 a composite number?
False
Is 68041 a composite number?
False
Is 22871 composite?
False
Is 69679 composite?
True
Is 5039 prime?
True
Is 1352677 a prime number?
False
Is 33509 prime?
False
Is 15511 a prime number?
True
Is 526793 composite?
True
Is 10687 a composite number?
False
Is 88699 a composite number?
True
Is 6067 a prime number?
True
Is 48385 a prime number?
False
Is 563327 prime?
True
Is 8654 prime?
False
Is 20743 a prime number?
True
Is 191873 composite?
True
Is 403207 a composite number?
True
Is 1009 a composite number?
False
Is 14447 a prime number?
True
Is 735643 a composite number?
True
Is 98611 a prime number?
False
Is 4385 prime?
False
Is 846647 a prime number?
True
Is 54029 a prime number?
False
Is 31069 a composite number?
False
Is 192697 a prime number?
True
Is 44777 a prime number?
True
Is 24545 composite?
True
Is 1046623 composite?
True
Is 1177 prime?
False
Is 9619 a composite number?
False
Is 9143 composite?
True
Is 607885 a prime number?
False
Is 1931 a composite number?
False
Is 266273 a composite number?
True
Is 349471 a composite number?
False
Is 25079 a composite number?
True
Is 4321 prime?
False